Suppose -n + 50*x = 47*x - 13, -3*n + 31 = -5*x. What is b(n)?
-17
Let o(d) be the third derivative of -d**5/60 + d**4/4 + d**3/6 + 153*d**2. Let a = 3 - -2. Determine o(a).
6
Suppose -4*p + 6*p - 12 = 0. Let k be 10/p - (8/(-6) - -1). Let a(d) = 2*d**3 - 3*d**2 + 2*d - 2. Give a(k).
6
Let o(q) = -3*q**2 + q + 2. Let g = -53 + 55. Suppose 0 = -13*b + 14*b + g. What is o(b)?
-12
Let o(c) = 3*c - 3. Suppose 24*s - 36*s = 0. What is o(s)?
-3
Let m = 71 - 58. Let l(w) = 2*w + 30 - 11 - m - 15. Determine l(8).
7
Let x be -7*(-15)/7 + -8. Let k(v) = -6*v + 2. Calculate k(x).
-40
Let v(i) = 3*i**2 + i + 1. Let w = 15 + -13. Let u = 8 - w. Suppose -5 = u*s - s. Calculate v(s).
3
Let j be (-9 - -3)*(1 - 3). Let i be (-12)/6 + 4/1. Let v(w) = -j*w**2 + w**3 + 8*w**2 - 1 + i*w + w. Calculate v(2).
-3
Let o(w) = w**3 - w**2 - 4*w - 1. Let f be o(0). Let d(v) = -11*v**3 + v**2. What is d(f)?
12
Let n(u) = -7*u + 1. Suppose -2*k - 3 = -3*k. Suppose -2*j = -k*j - 28. Let p = j + 29. Give n(p).
-6
Let k(g) = -5*g + 22. Let t(c) = 56*c - 106. Let y be t(2). Calculate k(y).
-8
Let c(z) = -7*z**3 - 4*z**2 + 2*z + 1. Let r(p) = p**2. Let l(q) = c(q) + 4*r(q). Calculate l(-1).
6
Let c be 2/3*(-3)/2. Let h be (-2)/(c/6 + (-14)/(-12)). Let q(s) = -s**3 + s**2 + 3*s + 1. Calculate q(h).
7
Suppose -c + 3 = 2*c. Let x be 0/(c*(1 + 0)). Let t(d) = -d**2 - 2*d + d + x*d. Give t(-3).
-6
Let r(n) = -n**3 - 5*n**2 - 4*n - 5. Let y = -260 + 382. Let x = -126 + y. What is r(x)?
-5
Let k(l) = -82*l - 5 + 3 - 3 + 37*l + 35*l. What is k(-2)?
15
Let o(c) = -3 - 4*c**2 + 3*c**2 - 3*c**2 - 5*c - c**3 - 3*c**2. Let j(l) = l**3 - 12*l**2 - 2*l + 18. Let b be j(12). Give o(b).
-9
Let t = -14 + 0. Let m(z) = 4*z + 43. Let g(x) = -x - 11. Let c(i) = 9*g(i) + 2*m(i). Let u be c(t). Let d(q) = -8*q**3 + 2*q**2 - 1. What is d(u)?
-7
Let d(b) = -b**3 - 8*b**2 - 10*b - 13. Let w(l) = -9*l + 2. Let c be w(1). What is d(c)?
8
Let s(x) = 4*x**3 - 2*x**3 + 2*x + 77 - 7*x - 80. What is s(-3)?
-42
Let o(k) = -10*k**3 + k**2 + k - 1. Let p = 20 + -14. Let c be (16/p)/(8/36). Suppose -x - 11 = -c. Give o(x).
-9
Suppose 3*s + 2*s = -2*w + 14, s = -2*w + 6. Suppose -d + 5*d = j - 32, -w*d - 10 = -2*j. Let x(c) = c**2 + 11*c - 1. Give x(d).
-19
Let o(i) = -i + 7. Let g(n) = n - 1. Suppose j = -f - 2, -4*j - 2*f - 9 = 3*f. Let b(k) = j*o(k) - 4*g(k). Give b(3).
-12
Let y(q) = 4*q - 6. Let s(f) = 18*f - 32. Let a(w) = -6*s(w) + 28*y(w). Determine a(-8).
-8
Suppose -108 = -16*u + 4*u. Let h(b) = -3*b + 4. What is h(u)?
-23
Let d(n) = 3 + 1 + 1 - n. Let i(w) = 9*w**2 + w. Let c be i(-2). Suppose -2*m + c = 28. Determine d(m).
2
Let u(l) = 7*l - 1. Let z(y) = -45*y + 3. Let h(t) = -5*u(t) - z(t). Give h(1).
12
Let b(w) be the third derivative of -5*w**2 + 0 + 1/24*w**4 - 2/15*w**5 + 0*w + 0*w**3. Let m = 1 + 0. Determine b(m).
-7
Let d be 5*-5*7/(-84) - 2. Let s(g) be the third derivative of 0*g + d*g**4 + 0 + 5*g**2 + 1/6*g**3. Give s(1).
3
Let l = 156 + -149. Let d(i) = -i**3 + 8*i**2 - 6*i - 3. Calculate d(l).
4
Let w(f) be the first derivative of 7 - 1/3*f**3 + 5*f - 5/2*f**2. Determine w(-5).
5
Let j(d) = 5*d**2 + 5*d - 3. Let v(q) = q**2 + q - 1. Let y(w) = -j(w) + 6*v(w). Let n = 28 + -28. Determine y(n).
-3
Let w(k) be the second derivative of k**3/3 - k**2 - 6*k. Let g(t) = t - 1. Let p(i) = -15*g(i) + 6*w(i). What is p(2)?
-3
Suppose 3*o - 45 = -2*q - 11, -4*q + 5*o = -68. Let s(i) = -3*i**2 + q*i + i**2 + 1 - 19*i + 2. Let u be (0 - -1) + 0 - 4. Determine s(u).
-9
Suppose -3*p - 2*p + 20 = -3*s, 2*p = 8. Suppose 2*w - 3 + 13 = s. Let g(v) be the first derivative of -v**3/3 - 2*v**2 + 7*v - 3. Calculate g(w).
2
Let f(o) = o**2 - 13. Let s be -33*(8/(-6))/4. Suppose 92*h - 11 = 91*h. Let g = h - s. Determine f(g).
-13
Let w(y) = -2*y**2 - 9. Let u(a) = -a**2 - 5. Let l(n) = -11*u(n) + 6*w(n). Let v(h) = -3*h**2 + 8*h + 12. Let q(c) = -4*l(c) + v(c). Calculate q(-7).
1
Let m(g) = g**3 - 2*g**2 - 4*g + 2. Suppose -2*u - 5 + 25 = 0. Let w be 2 + (u/(-5))/(-2). Calculate m(w).
-1
Let y(r) = -r**3 - 6*r**2 - 2*r - 10. Let l be y(-6). Let s(c) = -c**3 + 3*c**2 + 2*c - 3. Calculate s(l).
5
Let q(x) be the second derivative of -x**4/12 + x**3/6 - 3*x**2/2 - x. Let k be 36/8 - (4/(-8) - 0). Suppose k*y + y = 0. Give q(y).
-3
Suppose 3*h = -5*r + 46, 22*h - 21*h = -5*r + 42. Let s(l) = -l + 7. Determine s(r).
-1
Let j(k) = 2*k - 2. Let y(q) = 10*q + 1. Let i(n) = -3*j(n) + y(n). What is i(-8)?
-25
Let m(g) = -5*g**2 - 2*g + 2. Let a(r) = 26*r**2 + 27*r**2 + 31*r + 3 - 47*r**2. Let u be a(-5). What is m(u)?
-14
Let z(n) = -n + 104*n**3 + 102*n**3 - 2 - 205*n**3. Calculate z(2).
4
Suppose -5*n + 17 = -h, 3*h - h = 2*n - 10. Let b(q) be the second derivative of -q**4/12 + 2*q**3/3 + 3*q**2/2 + 3*q. Determine b(h).
-9
Let y(r) = 3*r**3 + 4*r**2 - 3. Let k(i) = 16*i**3 + 22*i**2 + i - 16. Let x(m) = 2*k(m) - 11*y(m). Let l = -3 - -1. Give x(l).
5
Let d be (-15)/((-2)/(-4) + -2). Let r(g) = -2*g**2 + 6*g**2 - 3*g**2 - 12 + d - 2*g. Let h(l) = l**2 - 16*l + 61. Let u be h(8). Determine r(u).
13
Let c(v) = 15*v**3 - v**2 - 2*v - 2. Suppose -2*t - 5 = 3*t + 2*f, 5*t + f = -5. Calculate c(t).
-16
Let o(l) be the first derivative of -l**4/4 - 10*l**3/3 - 5*l**2 - 3*l + 15. What is o(-9)?
6
Let v(z) = -z - 2. Let k be v(-2). Let i(s) be the third derivative of -s**5/60 + s**4/24 - s**3/2 + 16*s**2. Determine i(k).
-3
Let k(l) = l - 4. Let v(s) = s - 3. Let m(i) = 3*k(i) - 4*v(i). Determine m(-4).
4
Suppose -3*n - a - 9 = 0, -a = -48 + 45. Let m(d) = -6*d - 6. What is m(n)?
18
Let b(f) = 45 + 44 + f - 99 + 0*f. Determine b(-5).
-15
Let a(p) = 4*p - 6. Let t(b) = -6*b - 15. Let q(o) = 3*o + 7. Let r(g) = 7*q(g) + 4*t(g). Let w be r(-5). Determine a(w).
10
Let w(l) = 3*l**3 - 18*l**2 + 3*l - 15. Let p = -14 + 20. Let q be w(p). Let n(t) = -t**3 + 5*t**2 - 2*t - 2. Give n(q).
10
Suppose -231*y = -191*y - 280. Let x(p) be the second derivative of p**3/6 - 3*p**2 + 2*p. Calculate x(y).
1
Let n(s) = s - 3. Let v be (-2 + (60/(-9))/(-10))*3. What is n(v)?
-7
Let b(d) = -24*d + 35. Let q be b(2). Let v(s) = -s**2 - 11*s + 13. What is v(q)?
-13
Let m(z) = -z**2 + 4*z. Let v(h) = -1. Let l be (3/6 - -2)*(7 - 9). Let o(a) = l*v(a) - m(a). Give o(4).
5
Suppose 88 = -10*f + 38. Let u(n) = n**2 + n + 3. What is u(f)?
23
Let j(s) be the third derivative of -5/6*s**3 - 1/24*s**4 - 1/12*s**5 - 30*s**2 + 0*s + 0 - 1/120*s**6. Calculate j(-5).
0
Let z(k) = k**2 + 7*k - 1. Let d(g) = -3*g - 41. Let r be d(-11). Calculate z(r).
7
Let a(f) = 2*f - 18. Let r = 298 - 290. Calculate a(r).
-2
Let s(r) = -57*r. Let d(n) = 25*n. Let g(q) = 9*d(q) + 4*s(q). Determine g(5).
-15
Let n be -19 + 3 + (42 - 37). Let a(p) = p**3 + 10*p**2 - 11*p. Determine a(n).
0
Let l(q) = -q. Let s be l(0). Suppose s*o - 5*o = -j + 28, 7 = 4*j + o. Let f(k) = -4*k + 4. What is f(j)?
-8
Suppose -3*m = -6*m + 9, -3*m + 16 = r. Let o(j) = j**2 - 6*j - 10. What is o(r)?
-3
Let r(d) = d**3 - 6*d**2 + 5*d + 2. Let w be r(5). Let y(h) = 185*h**w - 3*h - 186*h**2 - 4 - 4*h. Determine y(-8).
-12
Let d be (-27)/(-90) + (-435)/(-50). Let z(p) = 2*p**3 - 17*p**2 - 10*p + 8. Determine z(d).
-1
Let h = -19 + 24. Let p(f) = -f**3 + 5*f**2 + 14*f + 2. Let q be p(7). Suppose q*n = 6*n - h*i + 2, 2*n + 4 = 4*i. Let a(v) = 5*v. Give a(n).
10
Let r(g) = -3*g**3 - 206*g**2 + 67*g - 139. Let h be r(-69). Let j(s) = 5*s - 3. Let d(f) = f - 1. Let t(w) = 4*d(w) - j(w). Determine t(h).
0
Suppose -173 = -6*w - 197. Let n(x) = x**2 - 5*x + 1. Let u be n(5). Let v(y) = -4 - 4*y - 3 + u. What is v(w)?
10
Let g(k) = -k**3 + 8*k**2 - 6*k - 1. Let j = -253 + 260. Determine g(j).
6
Suppose 0*g - 2*g = 2. Let m be (5 - 2) + (g - 0). Let f(j) = -j**3 + 249 - 251 + j + 2*j. Determine f(m).
-4
Let o(m) = -2*m - 3. Let l(a) = a**3 + 7*a**2 + 5*a - 4. Let x be l(-6). Suppose -15 = x*j - 3. Give o(j).
9
Let o(r) = 4*r - 15. Let x(w) = -w - 8. Let i(q) = -2*o(q) + 5*x(q). Calculate i(-4).
42
Let i = -177 - -184. Let m(j) = j - 5. Calculate m(i).
2
Suppose -149 = -123*p + 20*p - 46. Suppose -4*y + 7*y - 6 = 0. Let q(x) = 0 + 2*x - 10*x**y - 1 + 0. Give q(p).
-9
Let r(c) = 2 + 4 - 34207*c + 34211*c. What is r(5)?
26
Let s be (-2)/(6/(-9)) - 13. Let n be s/3*12/(-5). Suppose 4*q - 4*x + 28 = 0, -2*x + 4*x = 